ue
Suppose 3*m - 493 = -472, -4*g = -2*m - 501558. Is g prime?
False
Is -2 - (853367/5 - (-114)/(-285))/(-1) a composite number?
True
Suppose 4*k + 30*y - 2097116 = 27*y, -5*k = -y - 2621357. Is k a prime number?
False
Suppose -5*q + 4*i + 648973 = 0, -2*q - 4*i = 3*q - 648957. Is q prime?
True
Suppose 183*g - 71*g - 473304 = 1183960. Is g composite?
False
Let y = 40305 - -44492. Is y a prime number?
False
Let r(y) = -38*y - 26. Let g be r(-6). Let z = 3639 - g. Is z composite?
True
Let w(i) = 17*i**2 - 134*i - 389. Is w(44) composite?
False
Let i be (-78 + 0 + 0)*6. Let d = 6277 - 7424. Let f = i - d. Is f composite?
True
Is 928/145 - 21/15 - -220590 prime?
False
Let o be (-6)/9*26070/(-20). Suppose -4*g - 13*t + 1693 = -14*t, 0 = -2*g + 5*t + o. Is g prime?
False
Let a(h) = -h**2 - 16*h + 39. Let w be a(-18). Is 2057 - ((-30)/(-45) - (-10)/w) composite?
False
Let w(c) = -c**2 - 22*c + 47. Let h be w(2). Is ((h - 18/3) + 0)*-29 a composite number?
True
Let k = 51791 + -31084. Is k a prime number?
True
Let k(q) be the second derivative of q**4/2 + 3*q**3/2 - 4*q**2 - 9417*q. Let a = 5 + -12. Is k(a) a composite number?
False
Suppose 79*z + 72*z - 11008064 = 2700773. Is z prime?
True
Suppose 788321 = -27*t + 47*t - 2539139. Is t a composite number?
True
Suppose 14*b + 10257 = 478704 + 614299. Is b composite?
False
Suppose -5855*w + 5853*w + 40522 = 0. Is w a composite number?
False
Let z(b) = -b**3 + 3*b**2 + 5*b - 1. Let c be 3*((-8)/(-3))/2. Let q be z(c). Suppose -w - 4*x = 33 - 86, 0 = q*x. Is w a composite number?
False
Suppose 0 = -19*h + 397521 + 594298. Is h a composite number?
False
Suppose 0 = 153*p - 148*p - 20. Suppose p*q = z + 2084, -5*q + 3290 = 5*z + 685. Is q composite?
False
Suppose -30*l - 104048 = -8957 - 499701. Is l a prime number?
True
Let k(l) = 9*l**3 - 2*l**2 + 4*l - 2. Let w be k(1). Suppose -w*i = -4*i - 26555. Is i a prime number?
False
Is (-17 + 12)/(-10)*259682 prime?
True
Suppose 0 = -4*z - 0*z + 4*u + 36, -2*u + 12 = 3*z. Is (-3)/21 + -2708*z/(-7) a prime number?
False
Suppose 0 = -9*l + 20*l - 2078230. Suppose 9*a + 5*a = l. Is a a composite number?
True
Let v = 89048 - -72771. Is v a prime number?
False
Suppose 2*n = -4*w + 2981100, -6*w - 745261 = -7*w + 3*n. Is w prime?
True
Let l(n) = 949*n - 4. Let h be l(16). Suppose 6440 = 2*u - 2*i + 388, -5*u - 5*i = -h. Is u composite?
True
Let u be 5/35 - (-2)/(-14). Suppose u*m = -12*m + 149244. Is m a composite number?
False
Suppose v - k = 6*v - 32, -k - 4 = -v. Suppose 7 - v = n. Let l = 104 - n. Is l a prime number?
True
Suppose 6*j = -12 - 0. Let g be (-14)/(-2)*(j - -1). Let z(w) = -w**3 - 3*w**2 - 10*w - 15. Is z(g) a composite number?
False
Suppose 0 = 3*g + 4*u + u + 150, 4*u = 5*g + 213. Let j = 84 + g. Suppose -33*f - 2262 = -j*f. Is f prime?
False
Let g(h) = 1179*h - 586. Is g(49) a prime number?
False
Let n(g) = -2*g**2 + 56*g - 17. Let j be n(-16). Let r be -12*(j/12 + 1). Let v = 3684 - r. Is v composite?
True
Suppose -24*h - 236 = -932. Suppose h*l - 520099 = 6*l. Is l prime?
True
Suppose 0 = -2*s + 2*r - 7 + 43, 0 = -5*s - 3*r + 66. Suppose 0 = 14*g - s*g - 2. Is (g*1)/((-4)/178) a prime number?
True
Suppose 0 = -30*j + 35*j + 20. Is ((-6)/j)/((80/8)/40) a composite number?
True
Let b = 191274 - 50003. Is b composite?
True
Let a be ((-4)/(-3))/((-8)/(-24)). Suppose 63 = a*n - 3*n. Let u = 116 - n. Is u prime?
True
Let k(z) be the second derivative of 113*z**4/6 - 7*z**3/2 - 58*z**2 - 55*z. Is k(-5) composite?
False
Let s be 3 - -1*(-2)/(-2). Suppose 11 - 9 = -2*o - 4*m, 23 = s*o - m. Suppose -1260 = -4*y + 4*g, 2*y - 115 - 543 = -o*g. Is y prime?
False
Let z = 50 + -2. Let j(n) = n**3 - 23*n**2 - 23*n - 29. Let u be j(24). Let y = z - u. Is y a prime number?
True
Let r = -462 + 467. Suppose 4*k + 3*l = 5453, -r*k + 6*k - 4*l = 1349. Is k prime?
True
Let k be (-20)/6 + ((-2)/(-6) - 0). Let m(h) = -134*h**3 + 3*h**2 - 6*h - 20. Is m(k) prime?
True
Let k(j) be the second derivative of j**5/20 + 2*j**4/3 + 11*j**3/6 - j**2/2 + j. Suppose 0 = -3*c + 5*n + 4, -c + 22*n - 20*n = 0. Is k(c) a composite number?
True
Suppose 0 = -11*f + 10*f + u + 21249, -5*f - 4*u + 106209 = 0. Is f - -8*6/(-12) prime?
False
Let i = 719 - 1336. Let f = 1158 + i. Is f a prime number?
True
Let q = 61 + -111. Let t be ((-468)/60)/(2/q). Suppose t*d = 194*d + 2293. Is d composite?
False
Suppose -13*r + 9 = -16*r. Is (-5 + 0)*233838/(-45) - r composite?
True
Suppose -490*t - 3372347 = -987*t + 486*t. Is t a prime number?
True
Let s(g) = -5*g**2 - 14*g - 1. Let r(o) = -6*o**2 - 13*o - 2. Let q(c) = -6*r(c) + 7*s(c). Is q(23) a prime number?
False
Suppose -5*n - m = -18 - 10, -5*n - 4*m + 37 = 0. Let t(o) = -1 + 67*o - 524*o + n + 4. Is t(-7) prime?
False
Suppose -4*r + 6 - 54 = 0. Let o be 12/5 + r/(-150)*-5. Suppose 292 = o*d - 238. Is d a prime number?
False
Let r(n) = -60*n + 11. Let l = -60 + 20. Let h be (48/l)/(2/5). Is r(h) a composite number?
False
Is (-5955714)/(-162)*12/(2 - -2) a composite number?
False
Let c(w) = 3201*w + 29. Let u be c(8). Suppose 2*g + u = 5*b, -b = -3*g + 2739 - 7856. Is b composite?
True
Suppose -r - 2*r = -2*n - 2, 5*n + 5 = 5*r. Let y be 452*(-3)/2 + 4 + n. Let t = 2624 + y. Is t composite?
False
Suppose -2*x = s - 32848, 0 = s + 6*x - 11878 - 20958. Is s composite?
True
Let d(n) = -n**3 + 13*n**2 - 2*n - 12. Let o = -42 - -55. Let j be d(o). Let i = -3 - j. Is i composite?
True
Let u(m) = -240*m**3 + m**2 + 3*m + 9. Is u(-4) a prime number?
True
Suppose 5*n = -2*g - 5, -2*g + 2*n + 4 = -12. Suppose -4*z = -2*o, 4*z + g*o = o + 24. Suppose z*s = 398 - 100. Is s a prime number?
True
Suppose 3*j = -2*j + 4*y + 40690, -3*j + y + 24414 = 0. Let b(m) = m**2 - 72*m - 1610. Let h be b(90). Suppose j = h*k + 2788. Is k a prime number?
False
Let p be (41 - 42)*0/2. Suppose p = 3*l - 9*l + 18282. Is l a prime number?
False
Let a(c) = c**3 - c**2 - c + 1. Let f(l) = -441*l**3 + 2*l**2 + 3*l - 3. Suppose -10*v - 6 - 4 = 0. Let x(j) = v*f(j) - 2*a(j). Is x(1) a composite number?
False
Let v(c) be the first derivative of -c**4/4 - 8*c**3/3 - 11*c**2/2 - 13*c + 17. Let h = -26 - -19. Is v(h) prime?
False
Let j = -412 + 4149. Is -4 - (-8 - (j + -4)) composite?
True
Let o(c) = -9*c + c**3 + 19*c**2 + 32*c + 2556 - 2534. Is o(-16) prime?
False
Let w(t) = -t**2 - 18*t - 30. Let y be w(-16). Let n be ((-1)/(-1))/((-2)/(-10)). Suppose y*p + 23293 = n*a - 882, -4*a + 19340 = 2*p. Is a composite?
True
Let q(o) = -11*o**3 - 10*o**2 + 11*o - 17. Let z be q(-10). Let j = -5624 + z. Is j prime?
False
Let r(u) = -56692*u + 1645. Is r(-9) a composite number?
False
Suppose 0 = 60*s - 20919296 + 7348436. Is s prime?
False
Let z(q) = 2*q**3 - 6*q**2 - 11*q - 6. Let r be z(6). Is 36/r*-2*(-26548)/2 prime?
True
Let s = -94 - -99. Let q be -1 - (-3 - -16)*-1. Suppose -q = s*y - 287. Is y prime?
False
Suppose 210 = 2*q - 132. Suppose -175*m + 5620 = -q*m. Is m prime?
False
Suppose 5*j = 3*j - 4, 5*j + 30 = 5*k. Let u(o) = o + 7. Let y be u(-5). Suppose -q - y*q - v = -5544, -k*v - 7376 = -4*q. Is q composite?
False
Let t(v) = -4*v - 3. Let s be t(2). Let d = s + 242. Suppose 13*h = 16*h - d. Is h prime?
False
Suppose 15681*g = 15684*g - 888783. Is g a prime number?
False
Let h(l) = 7416*l**2 + 25*l - 384. Is h(11) a composite number?
True
Suppose a + 4*f - 14 = 0, -5*a + 5*f + 13 = 6*f. Suppose -3*l + 4*g - 21533 - 10075 = 0, 0 = -a*g - 6. Is l/(-36) + (-2)/(-9) a composite number?
False
Suppose -5*o - 109360 = y, -11 = 2*o - 7. Is y/(-9) + (0 + -1 - 0) a composite number?
False
Let f(d) = 2*d - 2. Let c be f(2). Suppose -3*t - 2*p - c + 4 = 0, -3*t - p = 2. Is ((-535)/(-2))/(t/(-4)) a composite number?
True
Suppose 0 = 4*f - 5*d - 152, -3*f = -2*f + 4*d - 17. Let x(k) = -k**3 + 33*k**2 + 26*k + 61. Is x(f) composite?
False
Let f = 30 - 30. Suppose f = 2*x - 8*x + 6798. Is x composite?
True
Let b be 3 + 5*(7 + 81). Let q = b + 1506. Is q prime?
True
Suppose -d - 9 = -85. Let i = 411 - d. Is i a composite number?
True
Let k(u) = -33*u**3 + 3*u**2 + 2*u - 5. Let v be k(-2). Is -1 - (-48833)/3 - (-89)/v prime?
False
Let q(z) = z**3 + z**2 + z + 15566. Let s be q(0). Let c = -10164 + s. Suppose -3*d + c = 1949. Is d a prime number?
True
Suppose -24794618 - 24639585 + 12439055 = -3